*h**2 - 4*h - 1. Let g(c) = -2*c + 1. Let v be g(-4). Suppose 5*i + v = 29. Determine f(i).
-1
Let k(m) = 6*m. Let z(y) be the first derivative of y**3/3 + y**2 - 4*y + 4. Let v be z(-3). Give k(v).
-6
Let s(d) = -d + 1. Let n be s(1). Suppose n*g - 10 = -5*g. Suppose -6*m + 4 = -g*m. Let i(o) = 4*o**3 - o**2 + 2*o - 1. Give i(m).
4
Let j(p) = p + 8. Let s be j(-6). Let c(i) = -4*i + 4 - 2 - 3. Determine c(s).
-9
Let d(j) = -7*j + 6*j - 2*j + 1 + 2*j**2. What is d(2)?
3
Suppose -5*i = 2*g + 3, -2*g + 5*g - 4 = i. Let y(t) = -7*t - 1. Give y(i).
6
Let v(r) = -4*r**2 - r. Let l(w) = -2*w**3 - 2*w**2 + 1. Let t be l(-1). Let s = t + 0. Let b be s/(-2)*6/3. What is v(b)?
-3
Let q(l) = -3*l**2 + 1. Let i = -13 + 12. Determine q(i).
-2
Let b(l) = l + 29 - 2*l + 0*l - 21. What is b(5)?
3
Let y(a) = -a**3 + a**2 - a - 1. Let z(j) = -j + 5. Let m be z(5). Let h be (0 + m)/(2/(-1)). Let o be (-1)/(h + -2)*-2. Determine y(o).
2
Let o(v) = v**3 - 4*v**2 - 8*v + 6. Suppose 0 = -y - 4*g + 25, -y = -g - g + 5. Determine o(y).
-9
Let a(d) = d**2 + 9*d + 2. Let k be a(-9). Let q(j) = 2*j**2 + 3*j + 2. Let w(n) = n. Let m(t) = q(t) - 5*w(t). What is m(k)?
6
Let b = 2869/6828 + -2/569. Let y(s) be the second derivative of -1/20*s**5 - 3/2*s**2 - b*s**4 - 1/2*s**3 - 3*s + 0. Calculate y(-4).
-7
Let s(t) be the first derivative of -t**2/2 - t - 3. Give s(1).
-2
Let y(z) = -19*z**2 - 2*z + 3. Let w(o) = -10*o**2 - o + 2. Let b(q) = 5*w(q) - 3*y(q). Let p(n) = -n**2 + n - 1. Let u be p(1). What is b(u)?
7
Let l(j) = -j**2 - 6*j + 6. Let c be l(-6). Let s be 3*(-3 + 5) - 3. Let m(v) = -s - v**2 + 0*v**2 + 1 + 7*v. Calculate m(c).
4
Let u(f) = -4*f**3 + f - 1. Let z(h) = -h**2 + 6*h - 5. Let x be z(4). Suppose -3*i - g + 10 = 0, -x*g - 25 = -3*i + i. Suppose 2 - 7 = -i*c. What is u(c)?
-4
Let n(u) = 5*u + 4. Suppose -8*o = -3*o - 20. Suppose 4*f = -8 - o. Give n(f).
-11
Let r = 0 + 6. Suppose 0 = 3*k + r + 6. Let a = k - -7. Let u(f) = -f + 6. Determine u(a).
3
Let g(b) = 4*b**2 - 3*b + 4. Let y(c) be the first derivative of c**3/3 + 9. Let u(t) = -g(t) + 3*y(t). Calculate u(4).
-8
Let s(n) = -3 - n + 2*n - 2 + 8. Let h be 1*(-2)/2 - -1. Calculate s(h).
3
Suppose -2*c + 2 = 4*j - 4, -3*j + 1 = 5*c. Suppose -3*l = -10 - j. Let q(w) = -w**2 + 7*w - 5. Calculate q(l).
7
Suppose 13 = -2*c + c. Let i(t) = 11*t**3 + 7*t**2 + 2*t - 8. Let k(m) = 5*m**3 + 3*m**2 + m - 4. Let r(s) = c*k(s) + 6*i(s). What is r(-3)?
7
Let b(c) be the third derivative of c**6/24 - c**5/60 - c**4/24 - c**3/6 + 2*c**2. Let k(w) = -w**3 - 6*w**2 + 2*w + 11. Let g be k(-6). Calculate b(g).
-6
Let h(u) = 2*u**3 - u**2 + 7*u - 6. Let i(r) be the first derivative of r**4/4 + 7*r**2/2 - 6*r + 2. Let a(q) = -2*h(q) + 3*i(q). Calculate a(4).
-10
Suppose -3*d - 2*d + 2*a = -4, -a + 3 = 0. Let f(s) = 3*s**2 - s**2 + 5 + 2*s - 3*s**d. Determine f(4).
-3
Let q(f) be the third derivative of f**6/120 - f**5/12 - 7*f**4/24 - 2*f**3/3 + 8*f**2. Let p(g) = -g**2 + 5*g + 2. Let a be p(4). Determine q(a).
-10
Let i(o) = 3*o**3 - 3*o**2 - 3*o - 3. Let q(t) = -16*t**3 + 16*t**2 + 16*t + 16. Let a(w) = 11*i(w) + 2*q(w). Determine a(2).
1
Let o(v) = -5*v - 1. Let h(z) = 5*z + 1. Let s(q) = -7*h(q) - 6*o(q). Let x = 2 + -3. Let i be (2/4)/(x/(-2)). Determine s(i).
-6
Let x(g) = g - 1. Let y be ((-150)/(-8))/(4/16). Let c be (-4)/(-18) - y/(-27). Give x(c).
2
Let f(b) = 7*b**3 + 6*b**2 + 3. Let n(j) = j**2 + 1. Let d(m) = -f(m) + 4*n(m). Let h(s) = -s - 5. Let c be h(-6). Determine d(c).
-8
Suppose 0 = -7*k + 11*k. Let m(o) = k*o + o**2 - 2*o - 2*o**2 - 4. Calculate m(-3).
-7
Let a(b) be the third derivative of -b**6/120 + b**5/30 + b**4/6 + 12*b**2. Suppose 5*i = 6*i - 3. Calculate a(i).
3
Let f(k) = -5*k**3 + 21*k**2 - 2*k - 7. Let h(g) = -2*g**3 + 10*g**2 - g - 4. Let z = 6 - 9. Let d(n) = z*f(n) + 7*h(n). Determine d(-7).
0
Suppose 2*y = 7*y - 10. Let r(l) = -l**3 + l**2 + 2*l. Determine r(y).
0
Suppose -b + 3*b = 4*g - 40, 0 = -4*g + 5*b + 52. Let v(a) = -a**3 + 8*a**2 - 1. Calculate v(g).
-1
Let c(w) = w**3 - 8*w**2 + 7*w + 4. Let o be c(7). Let p(i) = 4*i**2 - 5*i**2 + 3*i**2 - o*i**2 - i + 1. Give p(-2).
-5
Let x be (0 + -2)*-2*1. Suppose -z - 1 = -x*c, 0 = 4*z - 3*c + c + 4. Let t(v) = -v**2 + 3*v**2 - v**3 + 0 + 2*v + 1. Calculate t(z).
2
Let v = 25 - 19. Let i(p) = -p**2 + 7*p + 1. What is i(v)?
7
Let j(n) = n**3 - 2*n**2 + 3*n - 1. Let c be j(2). Let m(g) = -2*g - g + 8 - g + c*g. Suppose -2 - 10 = 3*p - q, -4*p - 5*q - 35 = 0. Calculate m(p).
3
Let k(x) = 11*x**2 + 31*x**3 + x + 12*x**2 - 6*x**3 - 22*x**2. Determine k(-1).
-25
Let v(t) = -2 + 55*t - 59*t - 4*t**2 + 2*t**2. Give v(-2).
-2
Let l = 39 - 30. Let y(z) = z**3 - 8*z**2 - 9*z - 3. Calculate y(l).
-3
Let q(u) = -u**2 - 4*u + 2. Let b be q(-4). Let i(j) = -2*j + b*j**2 + 3*j - 3*j + 1 - j. Calculate i(2).
3
Suppose 0 = 3*o - 3*p - 30, 3*o + 2*p - p - 14 = 0. Let y(i) = i**2 - 7*i + 9. Determine y(o).
3
Let x(a) = a**2 + 10*a - 22. Let j be x(-12). Let f(v) be the first derivative of -1/2*v**j + 1 + 7/3*v**3 + 0*v. Determine f(1).
6
Suppose 3*u = -2*u + 10. Let h(t) be the second derivative of -t**3/2 + t**2/2 + 92*t + 1. Determine h(u).
-5
Let k(p) be the first derivative of p**4/4 - 5*p**3/3 + p + 4. What is k(4)?
-15
Let b be 3/(-12) + -74*(-2)/16. Let z(p) = -p**2 + 9*p + 3. Give z(b).
3
Let k(d) = d**3 + 6*d**2 + 6*d + 1. Let r(f) = -3*f - 1. Suppose -4*v - 5*o - 14 = 19, -4*v - o = 13. Let g be r(v). Let h = 0 - g. Calculate k(h).
-4
Let m(l) = 4*l**3 - 5*l**2 + l + 7. Let p(y) = -y**3 + y - 1. Let a be (-2)/5 + (-21)/(-15). Let t(u) = a*m(u) + 5*p(u). Calculate t(-6).
2
Let j(t) = t**3 - t**2 + 2. Suppose -5*v + 2*b - 17 = -43, 11 = -v - 5*b. Suppose -v*r = -8 - 0. Calculate j(r).
6
Let j(o) = 3*o - 3*o**2 - 2*o**3 + 4 - 2 + 2*o - 6*o. Let c(g) = -g**2 - 2*g + 1. Let k be c(1). Determine j(k).
8
Suppose 2*h + 2*m - 58 = 0, 3*m + 73 - 20 = 2*h. Suppose 4 + h = 4*y. Let p(d) = -3*d + 0*d - d - y*d. Determine p(1).
-12
Let c(n) be the third derivative of -3*n**2 + 0*n + 3/2*n**3 + 1/24*n**4 + 0. What is c(-4)?
5
Let z(h) = -h**3 + 2*h**2 - 1. Suppose -4*c = 5 + 3. Give z(c).
15
Let q(d) = d + 6. Let i = 6 - 11. Let x = 1 - i. Let k = x + -11. What is q(k)?
1
Let v(c) = c - 1. Let r(u) = 5*u - 2. Let t(g) = r(g) - 4*v(g). Let y(w) = 2*w**2 - 3 - 3*w**2 - w + 4*w. Let i be y(3). Give t(i).
-1
Let b be -5 + (2 - 1) + 2. Let m be 6 - (1*b)/(-1). Suppose -m*i = -3*i + 4. Let w(z) = -2*z - 5. Calculate w(i).
3
Let r(q) = 0 - 2*q + 3*q + 2. Let b be -1 - (1 - (-4)/2). Let n be b/(-10) - 72/30. Determine r(n).
0
Let b(n) = -2*n + 6. Let y be 460/110 + (-2)/11. Determine b(y).
-2
Let j(d) = d**2 - 4*d + 2. Let y be j(4). Let n(q) = -4*q**y - 1 + 1 + 6*q - q**3. Let b(a) = -5*a**3 - a**2 + a. Let g be b(1). Determine n(g).
-5
Let a be (-16)/(-10) + (-2)/(-5). Let f(q) = -q**a - 4*q + 0 - 2 - q**2. Suppose d + 2 = -0. Give f(d).
-2
Let x(q) = -2*q - 1. Let g be x(0). Let a(i) = 10*i**2 - 1. Give a(g).
9
Let k(n) = n**3 + 6*n**2 + 7*n + 5. Let q be k(-5). Let y(t) be the third derivative of -t**4/24 - 7*t**3/6 + 3*t**2 - 23. Calculate y(q).
-2
Let s(x) = -x**3 + 0*x**2 + 5*x - 2*x + 2*x**2. Let f be ((-1)/2)/((-2)/12). Determine s(f).
0
Let i(z) = -z - 2. Let r be 154/(-30) + 8/60. Calculate i(r).
3
Let s = -13 + 17. Let o(j) = j + 1. Give o(s).
5
Let t(n) = -2*n**2 - 4*n - 3. Let c be t(-2). Let j(k) = -2*k + 3. Calculate j(c).
9
Let w(k) = 125*k**3 + 7 + 1 - 2*k - 6*k**2 - 124*k**3. Give w(6).
-4
Let h(g) = g**2. Let x(q) = -4*q**2. Let l(y) = -9*h(y) - 2*x(y). Calculate l(-2).
-4
Let l(o) = -2*o + 5. Suppose 28 = -6*r + 2*r. Let z(q) = q - 3. Let s(k) = r*z(k) - 4*l(k). Suppose 155*j + 10 = 157*j. Give s(j).
6
Suppose 0 = -5*b + 10 + 10. Suppose -b*y = 4, -3*c - c = -4*y - 108. Let g be (-16)/(-104) - (-152)/c. Let d(x) = -x**2 + 6*x + 3. Determine d(g).
3
Let x(d) be the second derivative of d**5/20 + d**4/12 - 3*d**2 - 24*d. Give x(0).
-6
Suppose 0*a + a - 3 = 2*k, -2*k = 2. Let o be (-45)/36*(-4)/a. Let x(s) = -s**2 + 5*s. Determine x(o).
0
Let i(b) be the second derivative of 0 + 1/12*b**4 - 3*b**2 - 2/3*b**3 + 6*b. Determine i(5).
-1
Let u(v) = v**2 - 6*v + 8. Let w be u(6). Let i(s) = s + 1. Give i(w).
9
Let m = 7 - 13/2. Let j(z) be the second der